
List the prime factors of 478642.
2, 89, 2689
List the prime factors of 95381.
11, 13, 23, 29
What are the prime factors of 5364524?
2, 11, 121921
List the prime factors of 13451206.
2, 199, 33797
List the prime factors of 21267702.
2, 3, 1009, 1171
List the prime factors of 215189.
13, 16553
List the prime factors of 152192.
2, 29, 41
What are the prime factors of 673555?
5, 23, 5857
What are the prime factors of 75950?
2, 5, 7, 31
What are the prime factors of 6881828?
2, 1720457
What are the prime factors of 429291?
3, 47699
List the prime factors of 10172195.
5, 11, 184949
What are the prime factors of 10118970?
2, 3, 5, 29, 3877
What are the prime factors of 735050?
2, 5, 61, 241
What are the prime factors of 9234993?
3, 31, 199, 499
What are the prime factors of 1129424?
2, 70589
List the prime factors of 2962661.
13, 349, 653
What are the prime factors of 2501990?
2, 5, 250199
What are the prime factors of 388974?
2, 3, 241, 269
What are the prime factors of 2021283?
3, 11, 17, 1201
What are the prime factors of 3236554?
2, 1618277
List the prime factors of 227158.
2, 53, 2143
List the prime factors of 9148692.
2, 3, 7, 15559
List the prime factors of 361331.
67, 5393
List the prime factors of 4817098.
2, 11, 13, 16843
List the prime factors of 136929.
3, 13, 3511
List the prime factors of 20065.
5, 4013
What are the prime factors of 17875144?
2, 7, 37, 8627
List the prime factors of 86302.
2, 43151
List the prime factors of 20025334.
2, 7, 1430381
List the prime factors of 2024767.
2024767
List the prime factors of 380426.
2, 17, 67, 167
What are the prime factors of 200302?
2, 100151
What are the prime factors of 38751?
3, 12917
What are the prime factors of 7892883?
3, 401
What are the prime factors of 160798?
2, 11, 7309
List the prime factors of 120923.
11, 10993
What are the prime factors of 416932?
2, 104233
List the prime factors of 1791024.
2, 3, 37313
List the prime factors of 196731.
3, 21859
What are the prime factors of 1699790?
2, 5, 43, 59, 67
What are the prime factors of 24560094?
2, 3, 13, 53, 457
List the prime factors of 137203.
11, 12473
List the prime factors of 245430.
2, 3, 5, 101
What are the prime factors of 8322042?
2, 3, 1387007
List the prime factors of 259508.
2, 64877
What are the prime factors of 37480?
2, 5, 937
List the prime factors of 2613168.
2, 3, 23, 263
What are the prime factors of 3939808?
2, 23, 53, 101
What are the prime factors of 2563541?
73, 35117
List the prime factors of 10364653.
13, 797281
What are the prime factors of 261287?
13, 101, 199
What are the prime factors of 589651?
23, 31, 827
What are the prime factors of 4895697?
3, 1631899
What are the prime factors of 138615?
3, 5, 9241
What are the prime factors of 1687091?
7, 241013
List the prime factors of 303154.
2, 41, 3697
List the prime factors of 7528.
2, 941
List the prime factors of 2242603.
11, 203873
What are the prime factors of 411427?
467, 881
List the prime factors of 18194592.
2, 3, 13, 61, 239
What are the prime factors of 189774?
2, 3, 13, 811
List the prime factors of 293441.
293441
List the prime factors of 1202534.
2, 601267
What are the prime factors of 13317825?
3, 5, 41, 61, 71
List the prime factors of 21947526.
2, 3, 1219307
List the prime factors of 11819102.
2, 19, 23, 13523
What are the prime factors of 63896?
2, 7, 163
What are the prime factors of 5987745?
3, 5, 271, 491
What are the prime factors of 3234456?
2, 3, 167, 269
List the prime factors of 936348.
2, 3, 7, 71, 157
List the prime factors of 12938764.
2, 3234691
What are the prime factors of 691955?
5, 11, 23, 547
What are the prime factors of 17401468?
2, 7, 47, 1889
List the prime factors of 955625.
5, 11, 139
List the prime factors of 742971.
3, 227, 1091
List the prime factors of 22129743.
3, 2293, 3217
List the prime factors of 1385861.
1385861
List the prime factors of 462290.
2, 5, 46229
List the prime factors of 2036352.
2, 3, 5303
List the prime factors of 3089057.
31, 251, 397
What are the prime factors of 3324933?
3, 571, 647
List the prime factors of 2175847.
17, 149, 859
What are the prime factors of 64332?
2, 3, 1787
List the prime factors of 11912236.
2, 7, 467, 911
List the prime factors of 12263771.
13, 943367
List the prime factors of 161359.
11, 14669
List the prime factors of 2560275.
3, 5, 3793
What are the prime factors of 4796676?
2, 3, 133241
List the prime factors of 2270788.
2, 13, 43669
List the prime factors of 12011950.
2, 5, 79, 3041
What are the prime factors of 877740?
2, 3, 5, 14629
List the prime factors of 5811471.
3, 313, 2063
List the prime factors of 6144709.
6144709
List the prime factors of 1375254.
2, 3, 76403
List the prime factors of 277919.
277919
List the prime factors of 418716.
2, 3, 3877
What are the prime factors of 746486?
2, 13, 28711
List the prime factors of 483731.
53, 9127
What are the prime factors of 153567?
3, 113, 151
List the prime factors of 1358804.
2, 19, 941
What are the prime factors of 2220803?
13, 139, 1229
List the prime factors of 537274.
2, 268637
What are the prime factors of 660865?
5, 132173
List the prime factors of 831166.
2, 7, 59369
What are the prime factors of 76457?
101, 757
What are the prime factors of 51720?
2, 3, 5, 431
List the prime factors of 396204.
2, 3, 137, 241
List the prime factors of 808007.
139, 5813
What are the prime factors of 921682?
2, 460841
What are the prime factors of 191925?
3, 5, 853
What are the prime factors of 7706336?
2, 11, 21893
List the prime factors of 473943.
3, 17, 9293
List the prime factors of 2155378.
2, 103, 10463
What are the prime factors of 349493?
349493
List the prime factors of 223644.
2, 3, 18637
List the prime factors of 697322.
2, 348661
List the prime factors of 1439357.
29, 49633
List the prime factors of 267179.
11, 107, 227
What are the prime factors of 5877276?
2, 3, 53, 9241
What are the prime factors of 1088945?
5, 11, 13, 1523
List the prime factors of 4522146.
2, 3, 753691
What are the prime factors of 207272?
2, 13, 1993
What are the prime factors of 31377116?
2, 563, 13933
List the prime factors of 3312269.
619, 5351
What are the prime factors of 445884?
2, 3, 73, 509
List the prime factors of 806698.
2, 131, 3079
List the prime factors of 17758286.
2, 7, 13, 53, 263
List the prime factors of 155931.
3, 51977
What are the prime factors of 286132?
2, 7, 11, 929
List the prime factors of 1664206.
2, 832103
List the prime factors of 344444.
2, 86111
List the prime factors of 8069447.
983, 8209
What are the prime factors of 1851682?
2, 7, 132263
What are the prime factors of 874465?
5, 174893
What are the prime factors of 3351786?
2, 3, 101, 5531
What are the prime factors of 164779?
41, 4019
List the prime factors of 2753032.
2, 43, 53, 151
List the prime factors of 24370.
2, 5, 2437
List the prime factors of 555405.
3, 5, 61, 607
What are the prime factors of 533869?
7, 53, 1439
What are the prime factors of 711766?
2, 11, 32353
List the prime factors of 1598928.
2, 3, 33311
What are the prime factors of 418761?
3, 7, 17, 23
What are the prime factors of 1217770?
2, 5, 47, 2591
List the prime factors of 22895005.
5, 7, 17, 23, 239
List the prime factors of 6864354.
2, 3, 7, 157, 347
List the prime factors of 9502418.
2, 4751209
What are the prime factors of 3657051?
3, 406339
List the prime factors of 55581.
3, 97, 191
What are the prime factors of 1489203?
3, 337, 491
What are the prime factors of 979176?
2, 3, 11, 3709
List the prime factors of 1038914.
2, 519457
What are the prime factors of 2359497?
3, 7, 2293
What are the prime factors of 766053?
3, 47, 1811
List the prime factors of 3271936.
2, 12781
List the prime factors of 10147073.
73, 97, 1433
What are the prime factors of 334337?
367, 911
List the prime factors of 421236.
2, 3, 11701
What are the prime factors of 4514521?
11, 410411
List the prime factors of 173691.
3, 7, 919
What are the prime factors of 849229?
23, 36923
What are the prime factors of 2395106?
2, 7, 171079
List the prime factors of 7288511.
7288511
List the prime factors of 7956574.
2, 23, 172969
What are the prime factors of 963416?
2, 120427
What are the prime factors of 112962?
2, 3, 67, 281
List the prime factors of 29691584.
2, 13, 127, 281
What are the prime factors of 1